{"id":146,"date":"2022-12-19T23:00:07","date_gmt":"2022-12-19T22:00:07","guid":{"rendered":"https:\/\/wp.krokodilrock.hu\/?page_id=146"},"modified":"2022-12-20T23:06:25","modified_gmt":"2022-12-20T22:06:25","slug":"rolunk","status":"publish","type":"page","link":"https:\/\/www.krokodilrock.hu\/index.php\/rolunk\/","title":{"rendered":"R\u00f3lunk"},"content":{"rendered":"\n<div class=\"wp-block-cover alignfull\" style=\"min-height:668px;aspect-ratio:unset;\"><span aria-hidden=\"true\" class=\"wp-block-cover__background has-background-dim\"><\/span><img decoding=\"async\" width=\"2087\" height=\"1458\" class=\"wp-block-cover__image-background wp-image-7\" alt=\"\" src=\"https:\/\/wp.krokodilrock.hu\/wp-content\/uploads\/2022\/12\/about_background.jpeg\" style=\"object-position:50% 77%\" data-object-fit=\"cover\" data-object-position=\"50% 77%\" srcset=\"https:\/\/www.krokodilrock.hu\/wp-content\/uploads\/2022\/12\/about_background.jpeg 2087w, https:\/\/www.krokodilrock.hu\/wp-content\/uploads\/2022\/12\/about_background-300x210.jpeg 300w, https:\/\/www.krokodilrock.hu\/wp-content\/uploads\/2022\/12\/about_background-1024x715.jpeg 1024w, https:\/\/www.krokodilrock.hu\/wp-content\/uploads\/2022\/12\/about_background-768x537.jpeg 768w, https:\/\/www.krokodilrock.hu\/wp-content\/uploads\/2022\/12\/about_background-1536x1073.jpeg 1536w, https:\/\/www.krokodilrock.hu\/wp-content\/uploads\/2022\/12\/about_background-2048x1431.jpeg 2048w\" sizes=\"(max-width: 2087px) 100vw, 2087px\" \/><div class=\"wp-block-cover__inner-container is-layout-flow wp-block-cover-is-layout-flow\">\n<div class=\"wp-block-columns are-vertically-aligned-top is-layout-flex wp-container-core-columns-is-layout-28f84493 wp-block-columns-is-layout-flex\">\n<div class=\"wp-block-column is-vertically-aligned-top is-layout-flow wp-block-column-is-layout-flow\" style=\"flex-basis:15%\"><\/div>\n\n\n\n<div class=\"wp-block-column is-vertically-aligned-top has-text-color is-layout-flow wp-block-column-is-layout-flow\" style=\"border-style:none;border-width:0px;color:#a0a0a0;padding-top:0;padding-right:0;padding-bottom:0;padding-left:0;font-style:normal;font-weight:600;line-height:1.4;flex-basis:900%\">\n<div class=\"wp-block-columns is-layout-flex wp-container-core-columns-is-layout-d7d455e7 wp-block-columns-is-layout-flex\" style=\"padding-top:0;padding-right:0;padding-bottom:0;padding-left:0\">\n<div class=\"wp-block-column is-layout-flow wp-block-column-is-layout-flow\"><\/div>\n\n\n\n<div class=\"wp-block-column is-vertically-aligned-center has-cyan-bluish-gray-color has-text-color is-content-justification-center is-layout-constrained wp-container-core-column-is-layout-a92d2129 wp-block-column-is-layout-constrained\" style=\"border-style:none;border-width:0px;padding-top:var(--wp--preset--spacing--30);padding-right:var(--wp--preset--spacing--30);padding-bottom:var(--wp--preset--spacing--30);padding-left:var(--wp--preset--spacing--30);flex-basis:700px\">\n<div class=\"wp-block-columns are-vertically-aligned-center has-border-color has-foreground-border-color has-background is-layout-flex wp-container-core-columns-is-layout-d7d455e7 wp-block-columns-is-layout-flex\" style=\"border-width:2px;border-radius:10px;background-color:#1d1b26;padding-top:0;padding-right:0;padding-bottom:0;padding-left:0\">\n<div class=\"wp-block-column is-vertically-aligned-center is-layout-flow wp-block-column-is-layout-flow\" style=\"padding-top:var(--wp--preset--spacing--30);padding-right:var(--wp--preset--spacing--30);padding-bottom:var(--wp--preset--spacing--30);padding-left:var(--wp--preset--spacing--30)\">\n<p class=\"has-tertiary-color has-text-color has-large-font-size\"><strong>About <\/strong>us<\/p>\n\n\n\n<p class=\"has-text-color\" style=\"color:#808080\">The Krokodil Rock Ltd. is one of an oldest concert organizer companies&nbsp;in Hungary.<\/p>\n\n\n\n<p class=\"has-text-color\" style=\"color:#808080\">It was founded in 1989 as Krokodil Ltd.<\/p>\n\n\n\n<p class=\"has-text-color\" style=\"color:#808080\">Our profile includes the organization of Hungarian and foreign rock concerts as well as the stage production of theater productions.<\/p>\n\n\n\n<p class=\"has-text-color\" style=\"color:#808080\">We are engaged in promoting both Hungarian and foreign performers.<br>We undertake the technical implementation of events as well.<\/p>\n\n\n\n<p class=\"has-text-color\" style=\"color:#808080\">The professional recognition of the Company is indicated by the fact that its managing director &#8211; dr. L\u00e1szl\u00f3 Besny\u0151 &#8211; since its foundation, has been the chairman of the Hungarian Association of Concert Organizers.<\/p>\n\n\n\n<p class=\"has-text-color\" style=\"color:#808080\">\u200b<\/p>\n<\/div>\n<\/div>\n<\/div>\n\n\n\n<div class=\"wp-block-column is-layout-flow wp-block-column-is-layout-flow\"><\/div>\n<\/div>\n<\/div>\n\n\n\n<div class=\"wp-block-column is-vertically-aligned-top is-layout-flow wp-block-column-is-layout-flow\" style=\"flex-basis:15%\"><\/div>\n<\/div>\n<\/div><\/div>\n","protected":false},"excerpt":{"rendered":"","protected":false},"author":1,"featured_media":0,"parent":0,"menu_order":0,"comment_status":"closed","ping_status":"closed","template":"page-no-separators","meta":{"footnotes":""},"class_list":["post-146","page","type-page","status-publish","hentry"],"_links":{"self":[{"href":"https:\/\/www.krokodilrock.hu\/index.php\/wp-json\/wp\/v2\/pages\/146","targetHints":{"allow":["GET"]}}],"collection":[{"href":"https:\/\/www.krokodilrock.hu\/index.php\/wp-json\/wp\/v2\/pages"}],"about":[{"href":"https:\/\/www.krokodilrock.hu\/index.php\/wp-json\/wp\/v2\/types\/page"}],"author":[{"embeddable":true,"href":"https:\/\/www.krokodilrock.hu\/index.php\/wp-json\/wp\/v2\/users\/1"}],"replies":[{"embeddable":true,"href":"https:\/\/www.krokodilrock.hu\/index.php\/wp-json\/wp\/v2\/comments?post=146"}],"version-history":[{"count":38,"href":"https:\/\/www.krokodilrock.hu\/index.php\/wp-json\/wp\/v2\/pages\/146\/revisions"}],"predecessor-version":[{"id":342,"href":"https:\/\/www.krokodilrock.hu\/index.php\/wp-json\/wp\/v2\/pages\/146\/revisions\/342"}],"wp:attachment":[{"href":"https:\/\/www.krokodilrock.hu\/index.php\/wp-json\/wp\/v2\/media?parent=146"}],"curies":[{"name":"wp","href":"https:\/\/api.w.org\/{rel}","templated":true}]}}